- 55, -2*d - 2*d - 20 = t. Suppose -z*f = -11*f - 165. What is the hundreds digit of f?
1
Suppose 0 = -29188*n + 29201*n - 146653. What is the ten thousands digit of n?
1
Suppose 6*l + 101 = 4*o + 5*l, 4*l = -3*o + 52. Suppose 2*f + o = -6*f. Let d(t) = -5*t**3 - 2*t**2 + 4*t - 3. What is the tens digit of d(f)?
0
Suppose -20*j = 446458 - 694917 - 586221. What is the thousands digit of j?
1
Let l = 153 + -149. Suppose 2*f - 4 = 0, -f - 1041 = -3*o - l*f. What is the hundreds digit of o?
3
Suppose 109 = -12*w + 37. Let i(y) = 11*y**2 - 24*y - 39. What is the hundreds digit of i(w)?
5
Suppose t = -2*l + 4, 8*t = 4*t - 5*l + 16. What is the hundreds digit of t/(-14)*(-15 - 1112)?
3
Let l be 2/8 + 1790/8. Suppose 5*j + 661 + 4 = 0. Let k = j + l. What is the units digit of k?
1
Let r(q) be the second derivative of -31*q**3/6 + 142*q**2 - 16*q + 1. What is the tens digit of r(-11)?
2
Let w(t) be the second derivative of t**5/20 - 5*t**4/12 + 11*t**3/6 - 27*t**2/2 - 26*t. Suppose 0 = -v - v + 4, 3*v = x. What is the units digit of w(x)?
5
Let d(r) = -7*r**3 - 2*r**2 - 3*r - 2. Let w be d(-1). Let i be (2 - 3)/(w/12). Let v = 33 + i. What is the units digit of v?
1
Suppose -45*c + 13*c = 3520. What is the units digit of 2 + (-5183)/(-11) + 20/c?
3
Let s = 203 + -529. Let m = s - -533. What is the tens digit of m?
0
Let l be -4*(2253/(-4) + -3 - 0). Suppose -14*z + 633 = -l. What is the tens digit of z?
0
Suppose a - 55242 = 5*r, -3735*r + 3739*r - 55323 = -a. What is the thousands digit of a?
5
Let d be 0*4/(-6)*(-51)/(-68). Suppose d = -49*b + 53*b - 1092. What is the tens digit of b?
7
Let w be 99*(-1 + 10/6). Let c = -610 + 715. Let n = c - w. What is the tens digit of n?
3
Let a = -11946 + 24677. What is the tens digit of a?
3
Suppose 6*k - 346626 = -48*k. What is the thousands digit of k?
6
Let b = 1 - -2. Let w(a) = 16*a**2 + 50*a + 11. Let p be w(-3). Suppose 0 = 5*n + o - 281 - 301, -b*o = p*n - 576. What is the units digit of n?
7
Let n = -104 - -65. Let q(l) = 3*l**3 - 7*l**2 - 15*l - 6. Let i be q(-2). Let r = i - n. What is the tens digit of r?
1
Suppose -t = -2*t + 181. Suppose -623 - t = 6*n. What is the tens digit of 42/28 - n/4?
3
Let f = -42 + 55. Suppose -f*z + 9*z = -76. What is the units digit of (-32480)/(-266) - 2/z?
2
Let b = 5515 - 3804. What is the units digit of b?
1
Suppose 165*s + 1117338 = -849757 + 10054570. What is the thousands digit of s?
9
Let z(m) = -24*m**3 + 9*m**2 + 24*m + 75. What is the units digit of z(-3)?
2
Let n = -163 + 445. Let i = n + -583. Let g = -120 - i. What is the units digit of g?
1
What is the hundreds digit of 3/(-2)*(-13432952)/681?
5
Let f(o) = o**3 + 17*o**2 - 27*o + 53. Let d be f(-19). Let i = 275 + d. What is the hundreds digit of i?
1
Let w(q) = 131*q**2 - 92*q - 431. What is the thousands digit of w(-5)?
3
Suppose -3*a + 4*a + 10 = -3*f, -3*a - f = -10. Suppose 6 = 4*q - 3*v + 1, 4*v + 7 = a*q. Let w(z) = -117*z + 1. What is the hundreds digit of w(q)?
1
Let j(n) = 16*n**2 - n - 25. Let q = 112 - 116. What is the tens digit of j(q)?
3
What is the thousands digit of (-12910)/12*(-276)/115?
2
Let o(r) = -1551*r - 852. What is the hundreds digit of o(-3)?
8
Suppose 0 = 3*i - 30 + 18. Suppose -550 = -i*a + 570. Suppose 4*q = 196 + a. What is the tens digit of q?
1
Let l(z) = -1273*z + 916. What is the ten thousands digit of l(-12)?
1
Suppose 31*v - 1989 = -8*v. What is the units digit of 776 - ((-17)/v)/((-1)/3)?
5
Let v(q) be the first derivative of 13*q**2/2 + 8*q + 12. Let b be v(-2). What is the units digit of (-2*b/(-16))/(10/(-560))?
6
Let r(u) = 4*u**2 + 3*u + 2. Let k be r(-1). Suppose -66 = -k*s - 3*s. Let z = s - -27. What is the tens digit of z?
3
Let k = -129 - -64. Let r be ((-182)/k)/(2/40). Suppose 75 = 5*b - 5*s, 5*b - s - r = 35. What is the tens digit of b?
1
Let f(u) = -53*u - 67. Let h(q) = -q - 1. Let x(p) = -f(p) + 4*h(p). What is the tens digit of x(12)?
5
Suppose 0 = -5*m - 0*m + 460. Suppose -5*l + 4*u - 1 = -46, 0 = -l + 2*u + 3. Let d = m - l. What is the tens digit of d?
7
Suppose -10*d + 17 = l - 7*d, 0 = 4*d. Suppose l*i = -16852 + 49781. What is the hundreds digit of i?
9
Suppose -3*p + 7*k = -38031, -k + 22446 = 5*p - 40939. What is the tens digit of p?
7
Let h(n) = 31*n - 78. Let s be h(16). Let w = -4 - -7. Suppose w*c + 20 = 3*p - 247, 4*c = -5*p + s. What is the tens digit of p?
8
Let v(h) = -h**2 + 6*h + 11. Let t be v(6). Suppose 79 = -t*b + 629. Let i = b + -24. What is the tens digit of i?
2
Let j be 40 + 14524 - (7 - 1). Suppose 4043 = 19*y - j. What is the hundreds digit of y?
9
Let y = -91 - -88. What is the units digit of (-1 - -314)*1 - (y - -7)?
9
Suppose 3*f = 57 - 12. Let w be (-11 - f) + 8/(-2). Let t = w + 34. What is the units digit of t?
4
Let f(b) = 30*b - 6. Let o be (-9)/(-1)*(16/(-6))/(-4). Suppose 0 = -o*a - 0*a + 12. What is the tens digit of f(a)?
5
Let q be (-18)/12 + (-44)/(-8) + -121. Let s = 133 + q. What is the tens digit of s?
1
Let g be 0/(5 + -1)*1. Suppose -3*o + 10 = -f, -f + 6*f + 2*o + 67 = g. What is the units digit of (-2)/f - 571*(-6)/39?
8
Let b = 6283 + -2772. What is the thousands digit of b?
3
Suppose 4 = k - y - 3, 2*y + 2 = -4*k. Suppose 1188 = 3*q - k*d, -4*q = 4*d - 954 - 630. What is the units digit of q?
6
Let j(k) = 75*k - 71. What is the units digit of j(20)?
9
Let h(w) = w**2 + 3*w - 13. Let d be h(-7). Let b = 140 - d. Suppose -x + 44 = -b. What is the units digit of x?
9
Let i(l) = 83*l**2 + 4*l - 18. Suppose -m = 2*m + 2*j - 3, -3*m - 3 = 4*j. What is the hundreds digit of i(m)?
7
Let b(r) = 83*r + r**2 - 55*r + 5 - 26*r. What is the units digit of b(8)?
5
Suppose 314928 = 65*m + 16*m. What is the units digit of m?
8
Suppose 8*z - 12 = 4. Suppose 2*o - 16 = -z*o. Suppose 4*d - 253 = -3*u, 2*d - 110 = -0*u + o*u. What is the units digit of d?
1
Let b(o) = o**2 - 21*o - 13. Let m be b(-17). Let w = -405 + m. Let i = w - 88. What is the hundreds digit of i?
1
Suppose -13*w = -3*n - 18*w + 27471, 0 = n + 3*w - 9149. What is the units digit of n?
7
Let s(t) = 11*t - 143. Let z be s(-16). Let m = z + 358. What is the tens digit of m?
3
Suppose -4*f - 5 = m, 2*f + 19 = -m + 6*m. Let l(r) = 158*r**2 + 3*r + 10. What is the hundreds digit of l(f)?
6
Let t(d) = -1597*d - 4731. What is the units digit of t(-21)?
6
Let r = -437 + 438. What is the units digit of r/(((-7)/35)/(488/(-10)))?
4
Let j = -31436 - -44509. What is the hundreds digit of j?
0
Let p = 289 + -284. Suppose 0 = -p*c + 5, -3*c = -2*i + 2657. What is the tens digit of i?
3
Let o(d) = -d**3 - 17*d**2 - 15*d - 44. Let b be o(-22). Let l = -1656 + b. What is the units digit of l?
0
Suppose 3*r - 63417 = -42*m + 37*m, 0 = 4*m + r - 50728. What is the units digit of m?
1
Suppose 5*r + 22 = -83. Let x be (-14)/(-3) - (-14)/r. Suppose 2*q = -x*q + 12. What is the units digit of q?
2
Let l be 3*(40/15 - 2). Suppose -4*i + 7*b = 4*b - 3, -2*b = l*i + 2. Suppose 370 = 2*r + 5*t, 0 = -i*t - 3*t. What is the tens digit of r?
8
Let v(q) = q**3 + 7*q**2 - 11*q - 19. Let x be v(-8). Suppose -3*k + x*f = -81, -4*k + 16 = -2*f - 78. What is the units digit of k?
2
Suppose 5*x - f - 7531 + 1924 = 0, -f - 1119 = -x. Suppose -15*w - x = -8667. What is the hundreds digit of w?
5
Let n(i) = 25935*i + 256. What is the units digit of n(1)?
1
Suppose 0 = -4*x + 3*s + 19 - 31, 9 = -3*x + 5*s. What is the units digit of 17 + -12 + -3 + 664 + x?
3
Let u = -51999 + 83505. What is the units digit of u?
6
Let i(j) = 749*j**3 + 16*j**2 - 64*j + 16. What is the ten thousands digit of i(3)?
2
Suppose -4*r + 28 = 4*y, -3*r + 2*r - 1 = -y. Suppose -r*u = 4*p - 861, p - 217 = -0*p + u. What is the units digit of p?
6
Suppose -4*k = 5*f - 170085, -4*k + 5*f + 9004 = -161031. What is the units digit of k?
5
Let n be (-3 + 46/4)*2. Suppose -15*m = -n*m. Suppose i + 2*y = 99, 4*i = -m*i + 2*y + 436. What is the units digit of i?
7
Let b(f) = 2*f. Let c(l) be the third derivative of -13*l**4/6 - 4*l**3/3 - 6*l**2 - 3. Let x(w) = 14*b(w) + 2*c(w). What is the tens digit of x(-2)?
3
Suppose -5*x + 8563 = u, -30417 = -4*u - 3*x + 3801. What is the hundreds digit of u?
5
Let j be ((-21)/4)/(-1)*-16. Suppose 5*d = 2*o - 332, -61*o + 63*o = 4*d + 336. Let z = o + j. What is the units digit 